+ 5994. Is q/14 + 6/21 prime?
False
Is (-1 + (-6)/(-9))/((-7)/89691) a prime number?
True
Suppose -2*z = -4*z + 5*h - 387032, -3*z - 5*h - 580523 = 0. Let y be (-4)/(-18) - z/153. Is y/6 - 17/(-102) a prime number?
True
Let f(j) = 166*j**2 + 45*j + 16. Is f(5) prime?
True
Is -1*-14583*7/21 composite?
False
Suppose 5663 = 5*v - 4117. Suppose 3*q - v = -q. Suppose 0 = 3*x - 0*x - q. Is x composite?
False
Let c be (-3 + 7)*(-2)/(-4). Let r(p) be the third derivative of 7*p**6/120 + p**4/24 + p**3/6 - 34*p**2. Is r(c) a composite number?
False
Suppose 0 = -3*h - 45*c + 40*c + 5418, 2*h - 5*c - 3637 = 0. Is h prime?
True
Let k(a) = 13*a**2 + 7*a - 35. Is k(24) a prime number?
True
Let m(v) = -2*v + 3. Let g be m(4). Let l = g + 8. Suppose -6*x + l*x = -1293. Is x prime?
True
Let f(p) be the second derivative of p**4/2 - 2*p**3 + 31*p**2/2 - 2*p - 1. Is f(9) prime?
True
Let v be ((-4)/6)/(10/30). Let z be 0*(0 - v/4). Is (622 + z)/(4 - 2) composite?
False
Suppose 3*t - 2*l = 29685, -2*t + l = 3*t - 49482. Is t a composite number?
True
Let b(j) = -155*j + 114. Is b(-17) a prime number?
True
Suppose 15*x + 1352380 = 35*x. Is x prime?
True
Let i be (-3 - -7)*(-23)/(-4). Suppose -x - 3*b + i = 0, 6*b - 3*b - 3 = 0. Is (x/12)/(3/63) composite?
True
Suppose 19*j = 169306 + 253387. Is j prime?
True
Suppose -3*v + 1120 - 12667 = 0. Is 3*(v/(-9) - 2) prime?
True
Let t(z) = -z**2 + 7*z - 8. Let y be t(4). Suppose 0 = 5*u + 3*p - 2453, 4*u - y*p - 1980 = -2*p. Is u composite?
True
Let i = 9 - 9. Suppose 669 = u - i*u. Is u a prime number?
False
Let x = -693 + 2199. Is x/4*(-8)/(-12) a composite number?
False
Let l = -103 + 161. Let a = 377 - l. Is a a composite number?
True
Let k(c) = 2*c**3 + 35*c**2 + 14*c + 65. Is k(36) a composite number?
False
Suppose -47 = -3*b - 0*s - 5*s, s = -2*b + 22. Suppose -5*h + b*h - 844 = 0. Is h a composite number?
False
Suppose -27 - 29 = -t. Let y = 105 - t. Is y composite?
True
Let v be (0 - 1)/(5/(-6475)). Suppose -s + 431 = 2*r, 225 = -5*r + 5*s + v. Suppose 4*z + r = 1099. Is z prime?
False
Suppose -3*b = -2*k + 1504 + 7460, 0 = -2*k + 4*b + 8962. Is (k/(-20) - 5)*-4 a prime number?
False
Suppose 3 = n, 75 = 3*j - 2*n + 4*n. Suppose 16 = t - j. Is t prime?
False
Let s = -4724 - -10021. Is s composite?
False
Let i = 69 + -58. Suppose i*g - 953 - 1258 = 0. Is g a composite number?
True
Suppose -n + 5*j - 24 = 0, -3*n + 3*j - 7 = 5. Let q be n*3 - (-21 + 14). Suppose -q = -c + 153. Is c a composite number?
False
Let p(q) = 26*q + 1. Let d(m) = -2*m - 16. Let a be d(-9). Is p(a) a prime number?
True
Let s = -92 - -97. Suppose -s*h + 476 + 2349 = 0. Is h composite?
True
Suppose 52*r - 84756 = 40*r. Is r prime?
False
Suppose -j = 14 - 16. Suppose 4*w = -2*y + 10724, 2*w + 5362 = 4*w - j*y. Is w a composite number?
True
Let x(k) = -48*k + 21. Let j(y) = 47*y - 21. Let f(u) = 7*j(u) + 6*x(u). Is f(10) prime?
True
Let w be (-52)/(-39)*(-3)/2. Is ((-4568)/16)/(1/w) a composite number?
False
Let t(v) = -v**3 + 19*v**2 - 2*v + 28. Let w be t(19). Is (-20774)/w + 52/(-130) composite?
True
Let f = -1 + 4. Suppose -f*i + 3 = 0, -i = 5*w + 2*i - 1238. Is w a composite number?
True
Suppose -2*f + 1826 = 2*l - 1634, -6927 = -4*l + 3*f. Is l prime?
False
Suppose -28*g + 32*g + 180 = 0. Let w = g - -55. Is w a prime number?
False
Let s = 42 + 1019. Is s a composite number?
False
Let k(j) = -4*j + 5. Let w be k(2). Is (-1066 + w)*(1 + 6/(-3)) a prime number?
True
Suppose -4*w - q + 183265 = 0, -21*q - 9 = -18*q. Is w prime?
True
Suppose 250 = 2*k - 290. Let l(y) = 3*y**3 + 8*y - 12. Let h be l(5). Let f = h - k. Is f a prime number?
False
Suppose 10*d - 6*d = 4. Let w be 3*20/12 - d. Let z(r) = -r**3 + 6*r**2 + r + 2. Is z(w) prime?
False
Suppose 9*g - 16936 - 9191 = 0. Is g prime?
True
Let c(a) = 5*a**2 - 2*a - 4. Let g(b) = b**3 + b**2 + b + 1. Let r be g(-1). Suppose -w = 3 - r. Is c(w) a prime number?
True
Let n(m) = 2*m - 4*m + 26*m**2 + 2*m. Let b be n(-1). Suppose -2*c = -b - 80. Is c prime?
True
Is 3/12 + 3852471/84 prime?
True
Suppose 2*r - 4*r = v - 6157, 4*r = 5*v + 12321. Is r prime?
True
Let t be -14 - (-6 - -1 - -3). Let j be 96 + 4/(t/9). Suppose 63 + j = 2*m + p, -p - 75 = -m. Is m composite?
True
Is 2/(-6)*(-7977 - -6) a prime number?
True
Suppose 4*l - 3*k - 19343 + 7341 = 0, -2997 = -l - k. Is l a composite number?
False
Suppose -5*c + 3*p + 32 + 5 = 0, c - 1 = -p. Suppose c*a - 3*a - 758 = 0. Is a a composite number?
False
Suppose 0 = -3*m - 3*h + 2958 + 9198, -12141 = -3*m + 2*h. Is m prime?
True
Let a(y) = -3*y**2 - 3*y + 2. Let v be a(2). Let x = 16 + v. Suppose x = -5*w - r + 511, -4*w = -2*r - r - 424. Is w prime?
True
Suppose 0 = -2*a - 14 + 110. Suppose t - 569 = a. Suppose -4*w = -t - 147. Is w a prime number?
True
Suppose 6*d + 3*h = d + 25, d = 4*h - 18. Suppose d*q = 5*q - 4965. Is q composite?
True
Suppose -2*o - 19 = 3*x, 4*x - 11 = -2*o - 35. Let p(l) = 82*l**2 - l + 1. Is p(o) prime?
True
Suppose 0 = 2*u + 3*d - 318772, -5*u - 5*d + 861306 - 64381 = 0. Is u a composite number?
True
Let o be (2094/5)/3*(-15)/(-3). Is 3 - (-1)/(o/232 - 3) composite?
True
Let f = -24227 - -34746. Is f a composite number?
True
Let k = -5181 + 20048. Is k prime?
True
Let b(l) be the first derivative of 26*l**3/3 - 4*l**2 + l - 9. Is b(-5) composite?
False
Is (15913 - -2)*(4 + 55/(-15)) composite?
True
Let t be (384/320)/((-4)/(-250)). Let a(l) = -l - 3. Let r be a(-6). Suppose 4*y = g - t, -262 = -r*g + y - 15. Is g a prime number?
True
Let c(t) be the second derivative of -t**3/6 - 4*t**2 - 3*t. Let i be c(-10). Suppose -145 - 3 = -i*n. Is n a composite number?
True
Suppose -3*q - t + 10 = -3, -4*t = -4*q - 4. Suppose -2*b = q*l + 2*l - 4897, -l + 975 = -4*b. Is l prime?
False
Let r = 102 - 94. Is (-3)/(45/40)*(-1506)/r prime?
False
Suppose 4*b = -2*f + 14, -3*b = 2*f - 4*f + 7. Suppose -4*q = -0*d + f*d - 105, 4*d - 84 = q. Is d prime?
False
Suppose 2*p = p - 4*r + 8479, 0 = -4*p - 2*r + 33874. Is p composite?
False
Suppose 5*q = 2*x - 1687, -5*x = -6*q + 2*q - 4175. Is x a prime number?
False
Suppose 5095 - 1213 = -2*d - 2*w, -4*d = 2*w + 7756. Let s = 3846 + d. Is s a prime number?
False
Let o(w) = -8*w**3 - 3*w**2 - w - 7. Let b(d) = 23*d**3 + 9*d**2 + 2*d + 20. Let j(n) = -6*b(n) - 17*o(n). Is j(-5) composite?
False
Suppose -215 - 65 = 4*r. Let u = 116 + r. Let o = u - -85. Is o a composite number?
False
Suppose 10884 = 2*c + 2*c. Is c a composite number?
True
Suppose i - 4*u = 70669, -5*u = 5*i - 97872 - 255548. Is i composite?
True
Let p(t) = 71*t**2 - t + 2. Let a = 17 + -14. Let h(n) = 142*n**2 - 2*n + 3. Let w(r) = a*h(r) - 5*p(r). Is w(-1) a prime number?
True
Let d be 2 + -1 + (-16)/(-4). Let v be (d/3)/((-20)/(-11940)). Suppose 8*b + 25 = 3*b, 5*b + v = 2*p. Is p a prime number?
False
Let d(j) = -j**3 + 10*j**2 + 11*j - 1. Let t be d(12). Let q(k) = 18*k**2 - 5*k + 2. Let g be q(4). Let x = t + g. Is x a composite number?
False
Suppose 8 = -3*a - 1. Let b be -1 - (0 + 3/a). Suppose -u + 46 + 43 = b. Is u a prime number?
True
Let b(o) = o**3 + 1. Let g be b(-1). Let c be (3 - (-24)/(-9))*0. Is c + (-327 - g)/(-3) prime?
True
Suppose 0 = -r, -b + 0*b - 3*r + 25 = 0. Let m(f) = -f**3 - f**2 + 10. Let o be m(0). Let n = b + o. Is n a prime number?
False
Suppose -3 = -4*j + 13. Is 3989 + j*(-1 - (-6)/4) a composite number?
True
Let y(p) = -617*p + 141. Is y(-4) a prime number?
True
Let p be 2*2/4 - 3537. Let x = -1497 - p. Is x composite?
False
Suppose 4*k + 20 = 0, -4*d - d - 20 = 4*k. Is (14/4)/(d - (-3)/354) a prime number?
False
Suppose 2*l = 3*u - 32 + 691, 1326 = 4*l + 2*u. Is l a composite number?
False
Suppose -364 + 1477 = 3*r. Suppose -3703 = -6*p + r. Is p prime?
False
Suppose -18*n + 97417 = -52937. Is n a prime number?
True
Let k(t) = 62*t + 52*t - 2 + 74*t + 3. Is k(2) prime?
False
Let v = 595 - 250. Suppose v + 1876 = h. Is h composite?
False
Suppose -2*x + 2313 = -135497. Is x prime?
False
Suppose -5*h = p - 15358, -10*p + 15*p = -4*h + 76769. Is p a prime number?
False
Suppose 4*k - 8 = -0*k. Suppose -k*y + 377 = -y. Is y a composite number?
True
Let f(t) = 22*t + 1. Let z(w) = -2*w**3 - w - 1 + 3*w**2 + w + w**3. Let s be z(2). Is f(s) prime?
True
Suppose 32*p - 94*p = -1827946. Is p a prime numbe